{"id":197,"date":"2022-10-10T17:10:04","date_gmt":"2022-10-10T20:10:04","guid":{"rendered":"https:\/\/landingpage2.medtourtransplantecapilar.com.br\/?page_id=197"},"modified":"2022-10-10T17:15:57","modified_gmt":"2022-10-10T20:15:57","slug":"termos-de-uso","status":"publish","type":"page","link":"https:\/\/landingpage2.medtourtransplantecapilar.com.br\/?page_id=197","title":{"rendered":"Termos de Uso"},"content":{"rendered":"\n\n\t\n<p>&nbsp;<\/p>\n<p>Leia estes termos de uso com aten\u00e7\u00e3o antes de come\u00e7ar a usar o site. Ao usar nosso site, voc\u00ea indica que aceita estes termos de uso e que concorda em cumpri-los. Se voc\u00ea n\u00e3o concordar com estes termos de uso, evite usar nosso site.<\/p>\n<p>&nbsp;<\/p>\n\n<p>Os materiais contidos em nosso site s\u00e3o fornecidos apenas para fins de informa\u00e7\u00e3o geral e n\u00e3o pretendem ser ou constituem aconselhamento jur\u00eddico ou outro conselho profissional e n\u00e3o devem ser considerados como tal.<\/p>\n<p>N\u00e3o aceitamos qualquer responsabilidade por qualquer perda que possa surgir do acesso ou confian\u00e7a nas informa\u00e7\u00f5es deste site. E na medida m\u00e1xima permitida pela lei, exclu\u00edmos toda a responsabilidade por perdas ou danos diretos ou indiretos decorrentes do uso deste site.<\/p>\n<p>&nbsp;<\/p>\n\n<p>O acesso ao nosso site \u00e9 permitido em uma base tempor\u00e1ria e nos reservamos o direito de retirar ou alterar o servi\u00e7o que oferecemos em nosso site sem aviso pr\u00e9vio (veja abaixo). N\u00e3o seremos respons\u00e1veis ??se, por qualquer motivo, nosso site estiver indispon\u00edvel a qualquer momento ou por qualquer per\u00edodo.<\/p>\n<p>&nbsp;<\/p>\n\n<p>Somos os propriet\u00e1rios ou licenciados de todos os direitos de propriedade intelectual do nosso site e do material nele publicado. Essas obras s\u00e3o protegidas por leis e tratados de direitos autorais em todo o mundo. Todos esses direitos s\u00e3o reservados.<\/p>\n<p>Voc\u00ea pode imprimir uma c\u00f3pia, e pode baixar trechos, de qualquer p\u00e1gina (s) de nosso site para sua refer\u00eancia pessoal e voc\u00ea pode chamar a aten\u00e7\u00e3o de outras pessoas dentro de sua organiza\u00e7\u00e3o para o material postado em nosso site.<\/p>\n<p>Voc\u00ea n\u00e3o deve modificar os materiais que imprimiu ou baixou de nenhuma forma, e n\u00e3o deve usar nenhuma ilustra\u00e7\u00e3o, fotografia, v\u00eddeo ou sequ\u00eancias de \u00e1udio ou qualquer gr\u00e1fico separadamente de qualquer texto que o acompanha.<\/p>\n<p>Nosso status (e o de quaisquer contribuidores identificados) como autores do material em nosso site deve ser sempre reconhecido.<\/p>\n<p>Voc\u00ea n\u00e3o deve usar qualquer parte dos materiais em nosso site para fins comerciais sem obter uma licen\u00e7a para faz\u00ea-lo de n\u00f3s ou de nossos licenciados.<\/p>\n<p>Se voc\u00ea imprimir, copiar ou baixar qualquer parte de nosso site que viole estes termos de uso, seu direito de usar nosso site cessar\u00e1 imediatamente e voc\u00ea dever\u00e1, a nosso crit\u00e9rio, devolver ou destruir quaisquer c\u00f3pias dos materiais que tenha feito.<\/p>\n<p>Se voc\u00ea acredita que seus direitos de propriedade intelectual foram violados pelo conte\u00fado de nosso site, entre em contato conosco por e-mail ou escrevendo para o endere\u00e7o abaixo.<\/p>\n<p>&nbsp;<\/p>\n\n<p>Atualizamos nosso site regularmente e podemos alterar o conte\u00fado a qualquer momento. \u00c9 nosso direito suspender o acesso ao nosso site ou fech\u00e1-lo indefinidamente. Se algum material do nosso site estiver desatualizado, n\u00e3o temos a obriga\u00e7\u00e3o de atualiz\u00e1-lo.<\/p>\n<p>&nbsp;<\/p>\n\n<p>Processamos informa\u00e7\u00f5es sobre voc\u00ea de acordo com nossa pol\u00edtica de privacidade. Ao usar nosso site, voc\u00ea concorda com tal processamento e garante que todos os dados fornecidos por voc\u00ea s\u00e3o precisos.<\/p>\n<p>&nbsp;<\/p>\n\n<p>Voc\u00ea n\u00e3o deve introduzir intencionalmente v\u00edrus, cavalos de Troia, worms, bombas l\u00f3gicas ou outro material malicioso ou tecnologicamente prejudicial. Voc\u00ea n\u00e3o deve tentar obter acesso n\u00e3o autorizado ao nosso site, ao servidor no qual nosso site est\u00e1 armazenado ou a qualquer servidor, computador ou banco de dados conectado ao nosso site. Voc\u00ea n\u00e3o deve atacar nosso site por meio de um ataque de nega\u00e7\u00e3o de servi\u00e7o ou de um ataque distribu\u00eddo de nega\u00e7\u00e3o de servi\u00e7o.<\/p>\n<p>Ao violar esta disposi\u00e7\u00e3o, voc\u00ea est\u00e1 cometendo uma ofensa criminal sob a Lei de Uso Indevido de Computadores de 1990. Informaremos qualquer viola\u00e7\u00e3o \u00e0s autoridades respons\u00e1veis ??pela aplica\u00e7\u00e3o da lei e cooperaremos com essas autoridades revelando sua identidade a elas. No caso de tal viola\u00e7\u00e3o, seu direito de usar nosso site cessar\u00e1 imediatamente.<\/p>\n<p>N\u00e3o seremos respons\u00e1veis ??por qualquer perda ou dano causado por um ataque distribu\u00eddo de nega\u00e7\u00e3o de servi\u00e7o, v\u00edrus ou outro material tecnologicamente prejudicial que possa infectar seu equipamento de computador, programas de computador, dados ou outro material propriet\u00e1rio devido ao uso de nosso site ou ao download de qualquer material postado nele ou em qualquer site vinculado a ele.<\/p>\n<p>&nbsp;<\/p>\n\n<p>Quando nosso site cont\u00e9m links para outros sites e recursos fornecidos por terceiros, esses links s\u00e3o fornecidos apenas para sua informa\u00e7\u00e3o. N\u00e3o temos controle sobre o conte\u00fado desses sites ou recursos e n\u00e3o aceitamos qualquer responsabilidade por eles ou por quaisquer perdas ou danos que possam surgir do seu uso. Ao acessar um site por meio de nosso website, recomendamos que voc\u00ea verifique seus termos de uso e pol\u00edticas de privacidade para garantir a conformidade e determinar como eles podem usar suas informa\u00e7\u00f5es.<\/p>\n<p>&nbsp;<\/p>\n\n<p>Nossa pol\u00edtica de privacidade faz parte e est\u00e1 sujeita a estes termos e condi\u00e7\u00f5es de uso.<\/p>\n<p>&nbsp;<\/p>\n\n<p>Podemos revisar estes termos de uso a qualquer momento, alterando esta p\u00e1gina. Espera-se que voc\u00ea verifique esta p\u00e1gina de tempos em tempos e tome conhecimento de quaisquer altera\u00e7\u00f5es, pois s\u00e3o vinculativas para voc\u00ea. Algumas das disposi\u00e7\u00f5es contidas nestes termos de uso tamb\u00e9m podem ser substitu\u00eddas por disposi\u00e7\u00f5es ou avisos publicados em outro lugar em nosso site.<\/p>\n<p>&nbsp;<\/p>\n\n\n\n","protected":false},"excerpt":{"rendered":"<p>&nbsp; Leia estes termos de uso com aten\u00e7\u00e3o antes de come\u00e7ar a usar o site. Ao usar nosso site, voc\u00ea indica que aceita estes termos de uso e que concorda em cumpri-los. Se voc\u00ea n\u00e3o concordar com estes termos de uso, evite usar nosso site. &nbsp; Os materiais contidos em nosso site s\u00e3o fornecidos apenas&hellip; <a class=\"more-link\" href=\"https:\/\/landingpage2.medtourtransplantecapilar.com.br\/?page_id=197\">Continue a ler <span class=\"screen-reader-text\">Termos de Uso<\/span><\/a><\/p>\n","protected":false},"author":1,"featured_media":0,"parent":0,"menu_order":0,"comment_status":"closed","ping_status":"closed","template":"ba-cheetah-canvas-template","meta":{"footnotes":""},"yoast_head":"<!-- This site is optimized with the Yoast SEO plugin v22.6 - https:\/\/yoast.com\/wordpress\/plugins\/seo\/ -->\n<title>Termos de Uso - Landing Page 2<\/title>\n<meta name=\"robots\" content=\"index, follow, max-snippet:-1, max-image-preview:large, max-video-preview:-1\" \/>\n<link rel=\"canonical\" href=\"https:\/\/landingpage2.medtourtransplantecapilar.com.br\/?page_id=197\" \/>\n<meta property=\"og:locale\" content=\"pt_PT\" \/>\n<meta property=\"og:type\" content=\"article\" \/>\n<meta property=\"og:title\" content=\"Termos de Uso - Landing Page 2\" \/>\n<meta property=\"og:description\" content=\"&nbsp; Leia estes termos de uso com aten\u00e7\u00e3o antes de come\u00e7ar a usar o site. Ao usar nosso site, voc\u00ea indica que aceita estes termos de uso e que concorda em cumpri-los. Se voc\u00ea n\u00e3o concordar com estes termos de uso, evite usar nosso site. &nbsp; Os materiais contidos em nosso site s\u00e3o fornecidos apenas&hellip; Continue a ler Termos de Uso\" \/>\n<meta property=\"og:url\" content=\"https:\/\/landingpage2.medtourtransplantecapilar.com.br\/?page_id=197\" \/>\n<meta property=\"og:site_name\" content=\"Landing Page 2\" \/>\n<meta property=\"article:modified_time\" content=\"2022-10-10T20:15:57+00:00\" \/>\n<meta name=\"twitter:card\" content=\"summary_large_image\" \/>\n<meta name=\"twitter:label1\" content=\"Tempo estimado de leitura\" \/>\n\t<meta name=\"twitter:data1\" content=\"5 minutos\" \/>\n<script type=\"application\/ld+json\" class=\"yoast-schema-graph\">{\"@context\":\"https:\/\/schema.org\",\"@graph\":[{\"@type\":\"WebPage\",\"@id\":\"https:\/\/landingpage2.medtourtransplantecapilar.com.br\/?page_id=197\",\"url\":\"https:\/\/landingpage2.medtourtransplantecapilar.com.br\/?page_id=197\",\"name\":\"Termos de Uso - Landing Page 2\",\"isPartOf\":{\"@id\":\"https:\/\/landingpage2.medtourtransplantecapilar.com.br\/#website\"},\"datePublished\":\"2022-10-10T20:10:04+00:00\",\"dateModified\":\"2022-10-10T20:15:57+00:00\",\"breadcrumb\":{\"@id\":\"https:\/\/landingpage2.medtourtransplantecapilar.com.br\/?page_id=197#breadcrumb\"},\"inLanguage\":\"pt-PT\",\"potentialAction\":[{\"@type\":\"ReadAction\",\"target\":[\"https:\/\/landingpage2.medtourtransplantecapilar.com.br\/?page_id=197\"]}]},{\"@type\":\"BreadcrumbList\",\"@id\":\"https:\/\/landingpage2.medtourtransplantecapilar.com.br\/?page_id=197#breadcrumb\",\"itemListElement\":[{\"@type\":\"ListItem\",\"position\":1,\"name\":\"In\u00edcio\",\"item\":\"https:\/\/landingpage2.medtourtransplantecapilar.com.br\/\"},{\"@type\":\"ListItem\",\"position\":2,\"name\":\"Termos de Uso\"}]},{\"@type\":\"WebSite\",\"@id\":\"https:\/\/landingpage2.medtourtransplantecapilar.com.br\/#website\",\"url\":\"https:\/\/landingpage2.medtourtransplantecapilar.com.br\/\",\"name\":\"Landing Page 2\",\"description\":\"Transplante capilar\",\"publisher\":{\"@id\":\"https:\/\/landingpage2.medtourtransplantecapilar.com.br\/#organization\"},\"potentialAction\":[{\"@type\":\"SearchAction\",\"target\":{\"@type\":\"EntryPoint\",\"urlTemplate\":\"https:\/\/landingpage2.medtourtransplantecapilar.com.br\/?s={search_term_string}\"},\"query-input\":\"required name=search_term_string\"}],\"inLanguage\":\"pt-PT\"},{\"@type\":\"Organization\",\"@id\":\"https:\/\/landingpage2.medtourtransplantecapilar.com.br\/#organization\",\"name\":\"Innova Hair\",\"url\":\"https:\/\/landingpage2.medtourtransplantecapilar.com.br\/\",\"logo\":{\"@type\":\"ImageObject\",\"inLanguage\":\"pt-PT\",\"@id\":\"https:\/\/landingpage2.medtourtransplantecapilar.com.br\/#\/schema\/logo\/image\/\",\"url\":\"https:\/\/landingpage2.medtourtransplantecapilar.com.br\/wp-content\/uploads\/2022\/10\/9-1.png\",\"contentUrl\":\"https:\/\/landingpage2.medtourtransplantecapilar.com.br\/wp-content\/uploads\/2022\/10\/9-1.png\",\"width\":500,\"height\":500,\"caption\":\"Innova Hair\"},\"image\":{\"@id\":\"https:\/\/landingpage2.medtourtransplantecapilar.com.br\/#\/schema\/logo\/image\/\"}}]}<\/script>\n<!-- \/ Yoast SEO plugin. -->","yoast_head_json":{"title":"Termos de Uso - Landing Page 2","robots":{"index":"index","follow":"follow","max-snippet":"max-snippet:-1","max-image-preview":"max-image-preview:large","max-video-preview":"max-video-preview:-1"},"canonical":"https:\/\/landingpage2.medtourtransplantecapilar.com.br\/?page_id=197","og_locale":"pt_PT","og_type":"article","og_title":"Termos de Uso - Landing Page 2","og_description":"&nbsp; Leia estes termos de uso com aten\u00e7\u00e3o antes de come\u00e7ar a usar o site. Ao usar nosso site, voc\u00ea indica que aceita estes termos de uso e que concorda em cumpri-los. Se voc\u00ea n\u00e3o concordar com estes termos de uso, evite usar nosso site. &nbsp; Os materiais contidos em nosso site s\u00e3o fornecidos apenas&hellip; Continue a ler Termos de Uso","og_url":"https:\/\/landingpage2.medtourtransplantecapilar.com.br\/?page_id=197","og_site_name":"Landing Page 2","article_modified_time":"2022-10-10T20:15:57+00:00","twitter_card":"summary_large_image","twitter_misc":{"Tempo estimado de leitura":"5 minutos"},"schema":{"@context":"https:\/\/schema.org","@graph":[{"@type":"WebPage","@id":"https:\/\/landingpage2.medtourtransplantecapilar.com.br\/?page_id=197","url":"https:\/\/landingpage2.medtourtransplantecapilar.com.br\/?page_id=197","name":"Termos de Uso - Landing Page 2","isPartOf":{"@id":"https:\/\/landingpage2.medtourtransplantecapilar.com.br\/#website"},"datePublished":"2022-10-10T20:10:04+00:00","dateModified":"2022-10-10T20:15:57+00:00","breadcrumb":{"@id":"https:\/\/landingpage2.medtourtransplantecapilar.com.br\/?page_id=197#breadcrumb"},"inLanguage":"pt-PT","potentialAction":[{"@type":"ReadAction","target":["https:\/\/landingpage2.medtourtransplantecapilar.com.br\/?page_id=197"]}]},{"@type":"BreadcrumbList","@id":"https:\/\/landingpage2.medtourtransplantecapilar.com.br\/?page_id=197#breadcrumb","itemListElement":[{"@type":"ListItem","position":1,"name":"In\u00edcio","item":"https:\/\/landingpage2.medtourtransplantecapilar.com.br\/"},{"@type":"ListItem","position":2,"name":"Termos de Uso"}]},{"@type":"WebSite","@id":"https:\/\/landingpage2.medtourtransplantecapilar.com.br\/#website","url":"https:\/\/landingpage2.medtourtransplantecapilar.com.br\/","name":"Landing Page 2","description":"Transplante capilar","publisher":{"@id":"https:\/\/landingpage2.medtourtransplantecapilar.com.br\/#organization"},"potentialAction":[{"@type":"SearchAction","target":{"@type":"EntryPoint","urlTemplate":"https:\/\/landingpage2.medtourtransplantecapilar.com.br\/?s={search_term_string}"},"query-input":"required name=search_term_string"}],"inLanguage":"pt-PT"},{"@type":"Organization","@id":"https:\/\/landingpage2.medtourtransplantecapilar.com.br\/#organization","name":"Innova Hair","url":"https:\/\/landingpage2.medtourtransplantecapilar.com.br\/","logo":{"@type":"ImageObject","inLanguage":"pt-PT","@id":"https:\/\/landingpage2.medtourtransplantecapilar.com.br\/#\/schema\/logo\/image\/","url":"https:\/\/landingpage2.medtourtransplantecapilar.com.br\/wp-content\/uploads\/2022\/10\/9-1.png","contentUrl":"https:\/\/landingpage2.medtourtransplantecapilar.com.br\/wp-content\/uploads\/2022\/10\/9-1.png","width":500,"height":500,"caption":"Innova Hair"},"image":{"@id":"https:\/\/landingpage2.medtourtransplantecapilar.com.br\/#\/schema\/logo\/image\/"}}]}},"_links":{"self":[{"href":"https:\/\/landingpage2.medtourtransplantecapilar.com.br\/index.php?rest_route=\/wp\/v2\/pages\/197"}],"collection":[{"href":"https:\/\/landingpage2.medtourtransplantecapilar.com.br\/index.php?rest_route=\/wp\/v2\/pages"}],"about":[{"href":"https:\/\/landingpage2.medtourtransplantecapilar.com.br\/index.php?rest_route=\/wp\/v2\/types\/page"}],"author":[{"embeddable":true,"href":"https:\/\/landingpage2.medtourtransplantecapilar.com.br\/index.php?rest_route=\/wp\/v2\/users\/1"}],"replies":[{"embeddable":true,"href":"https:\/\/landingpage2.medtourtransplantecapilar.com.br\/index.php?rest_route=%2Fwp%2Fv2%2Fcomments&post=197"}],"version-history":[{"count":3,"href":"https:\/\/landingpage2.medtourtransplantecapilar.com.br\/index.php?rest_route=\/wp\/v2\/pages\/197\/revisions"}],"predecessor-version":[{"id":201,"href":"https:\/\/landingpage2.medtourtransplantecapilar.com.br\/index.php?rest_route=\/wp\/v2\/pages\/197\/revisions\/201"}],"wp:attachment":[{"href":"https:\/\/landingpage2.medtourtransplantecapilar.com.br\/index.php?rest_route=%2Fwp%2Fv2%2Fmedia&parent=197"}],"curies":[{"name":"wp","href":"https:\/\/api.w.org\/{rel}","templated":true}]}}